+ 466. What is the hundreds digit of q?
1
Suppose 4*a - 2*w + 27 = -5, 5*a + 38 = 2*w. Let l be 2/6 + 2/a. Suppose l = -2*b + 5*b + 5*m - 15, -4*m = 12. What is the tens digit of b?
1
Let x = 6 + -6. What is the units digit of 90/(-36)*(x + -70)?
5
Suppose 0 = 4*w + 2*q - 6*q + 8, -4*w - 3*q = -20. Let i be w*((-60)/(-8))/(-5). What is the tens digit of (-3)/(i - (-225)/78)?
2
Suppose 0 = 2*y - 5*c - 884, 4*y + 2*c - 692 = 1028. Suppose -4*a + y + 696 = 0. What is the tens digit of a?
8
Let a be ((-9)/18)/((-1)/34). What is the tens digit of a + (-7)/(21/(-9))?
2
Let m be 2/(-2) + (-8)/(-2). Suppose -m*w + 6*w + 51 = 0. Let q = 27 + w. What is the tens digit of q?
1
Let u(x) be the second derivative of 5*x**3/2 + 17*x. What is the units digit of u(4)?
0
Suppose -4*b = -0*b + 20. Let t(x) = -18*x - 7. What is the units digit of t(b)?
3
Suppose f + 3*r - 5*r = 4, 0 = f + 3*r + 11. Let j be 16/12 - f/3. What is the units digit of -3 + j + (-33)/(-3)?
0
Suppose 2*j = 2067 + 5219. What is the tens digit of j?
4
Suppose -3*b + 20 = 2*b. Suppose -2*t = -b*t. Suppose -4*s - 6*k + 2*k + 44 = t, -3*s + 2*k + 33 = 0. What is the tens digit of s?
1
Suppose 1088*k = 1096*k - 37848. What is the tens digit of k?
3
Suppose 87*z + 4 = 89*z. Suppose 3*v = 183 + 381. Suppose -6*c + v = -z*c. What is the units digit of c?
7
Suppose 0 = 9*n - 2*n - 2737. Suppose -6*u + 305 = -n. What is the hundreds digit of u?
1
Suppose -19*z - 1848 = -26*z. What is the hundreds digit of z?
2
Let u = -54 - -60. Suppose 8*j - u*j - 230 = 0. What is the tens digit of j?
1
Suppose 0 = -13*a + 34*a - 91560. What is the thousands digit of a?
4
Let n = -3 + 3. Suppose n = -l - 3*l. Suppose l = -6*b + 7*b - 11. What is the units digit of b?
1
Let a(p) = 34*p**3 + 2*p**2 + 3*p - 10. What is the hundreds digit of a(2)?
2
Let k(m) = 8*m**2 + 14*m + 10. Let h be k(17). Suppose a + 15*a = h. What is the hundreds digit of a?
1
Let f(n) = n**3 + 14*n**2 - 8*n + 1. Suppose -3*l - 4*p - 51 = 0, -3*l = l - 2*p + 46. What is the units digit of f(l)?
4
Let j(c) = 3*c**2 + 4*c + 2. Let b be j(4). Suppose 0 = 4*t + 16, -n + 4*t = 4*n - b. What is the tens digit of ((-12)/n)/((-33)/440)?
1
What is the tens digit of 4*1*(1220 - (7 + -16))?
1
Let t = 1721 + -1522. What is the tens digit of t?
9
Let y = 46 + -54. What is the tens digit of 2*(-2)/y*196?
9
Let a(p) = -p - 1. Let y(x) = -x**2 - 4*x - 6. Let q be -3*(2 - (-12)/(-9)). Let j(h) = q*y(h) + 11*a(h). What is the units digit of j(2)?
3
Let t(y) = y**2 - 29*y + 34. What is the tens digit of t(-27)?
4
Let s(o) = o**2 - 10*o + 9. Let l be s(9). Let p(q) = q**2 + q - 752. Let u be p(l). What is the tens digit of u/(-24) - (-2)/3?
3
Let c(t) = 1. Let g(m) = -19*m + 15. Let a(o) = -4*c(o) - g(o). What is the units digit of a(10)?
1
What is the units digit of 970*(-10)/(-25)*5/4?
5
Suppose 0*v + v - 4 = 0. Let h(i) = -2*i**2 + 15*i - 15. Let o be h(6). Let a = o + v. What is the units digit of a?
7
Let o(t) = t**2 - 10*t - 9. Let p be o(11). Suppose -4*h = -p*h - 78. What is the tens digit of h?
3
Let o = 39 - 36. Suppose w + 1 = 0, 0 = -4*f - o*w + w + 194. What is the tens digit of f?
4
Suppose 6*t - 1473 - 615 = 0. Suppose 3*x - 33 = t. What is the units digit of x?
7
Let j(z) = -4*z**2 - 17*z - 13. Let t be j(-5). Let p = t + 35. What is the units digit of p?
7
Let f = -25 - -28. Suppose f*g - 8*g + 15 = 0. What is the units digit of g?
3
Let k = -87 + 33. Let y = -42 - k. What is the units digit of y?
2
Suppose 3*y = 3*n - 21, -4 = 3*y - 2*y. Suppose -n*u + 4*i + 3 = 0, 0 = -2*u + 3*i + 2 - 1. Suppose -u*s + 15 = -35. What is the tens digit of s?
1
Let v(n) = -13*n + 53. Suppose -2*l = -7*l - 40. What is the hundreds digit of v(l)?
1
Let j(o) = -o**3 + 9*o**2 - 5*o + 5. Let m be j(5). Suppose 2*i + 3*i = 15. Suppose -24 = -3*r - i*s, -5*r + 0*r + 3*s = -m. What is the units digit of r?
3
Suppose 0 = -8*n + 26 - 122. Let h be 5 + -3 - n/(-6). What is the tens digit of h + 3 - (-29)/1?
3
Suppose 44*o = 54*o - 28620. What is the tens digit of o?
6
Let f be (-1 - 1) + (-2 - -9). Suppose -4*w - 591 = -f*p, 0*w = 2*w - 2. What is the tens digit of p?
1
Let n(p) = p**2 + p + 4. Let v(b) = -b**3 - b**2 + 1. Let w(q) = -n(q) + v(q). Let a be w(-2). What is the tens digit of ((-1)/2)/(a/24)?
1
Suppose -4*z - 3*x + 11205 = 0, 3*z + 1972 = -3*x + 10372. What is the hundreds digit of z?
8
Suppose u + 167 = 5*n, -4*n + 124 = -2*u - 2*u. Let w(i) = -6*i - 45. Let r be w(-9). Let d = n - r. What is the units digit of d?
5
What is the hundreds digit of (-19)/((-57)/(-18)) + 310?
3
What is the hundreds digit of (-2)/(-31) + 3868696/1612?
4
Let f(y) be the third derivative of y**4 - 4*y**3/3 - 12*y**2. What is the units digit of f(4)?
8
Let m(r) = 316*r**2 + 12*r - 10. What is the hundreds digit of m(1)?
3
Suppose -171 - 560 = 4*i - 5*p, 0 = -4*p - 4. Let d = -129 - i. What is the units digit of d?
5
What is the hundreds digit of (-19025)/(-45) + 2/9?
4
What is the units digit of (186/8)/((-6)/(-56))?
7
Let q be 2 - (2/(-12) - 6201/54). Let r = -42 + q. What is the tens digit of r?
7
Let q = -16 - -279. What is the units digit of q?
3
Let h(y) = y**2 - 70*y + 5 + 61*y + y**2. What is the units digit of h(4)?
1
Let u be -3*(-2)/6*29. Suppose 0 = d + 5*l - 0*l + u, 3*l = -15. What is the units digit of 14/d*(-3 + 1)?
7
Let t(g) = -4*g**2 + g - 3. Let z be t(-4). Let c = z - -47. Let d = c + 59. What is the units digit of d?
5
Suppose -4*g - 769 + 1825 = 0. What is the tens digit of g?
6
Suppose 8 = 3*l - 4. Suppose 4 + l = 4*a. Suppose 0 = -4*v + 3*o + 244, a*v + 305 = 7*v + 2*o. What is the tens digit of v?
6
Let n = 3 + 15. Suppose -n = -4*z + 42. Suppose 3*r = 18 + z. What is the units digit of r?
1
Let n = 972 - 307. What is the tens digit of n?
6
Let p(u) = 5*u**3 + 2*u**2 - 4*u + 10. What is the hundreds digit of p(5)?
6
Suppose -16*m + 13940 = m. What is the tens digit of m?
2
Suppose 4*x - 5 = 5*l, 4*x - x = 0. What is the tens digit of (l + (-266)/4)*144/(-40)?
4
Let a(m) = 2*m**3 - 14*m**2 - 5*m + 135. What is the tens digit of a(11)?
4
Suppose 8*s = 6*s. Let z be (4/(-16)*s)/2. Suppose -2*v - 106 = -4*w, -5*w + 4*v - v + 135 = z. What is the units digit of w?
4
Suppose -7*o + l = -2*o - 1480, -2*l = -4*o + 1190. Suppose 0 = 6*x + o - 1867. What is the hundreds digit of x?
2
Let o(u) = -41*u**3 - u**2 + 2*u - 1. Let p be o(1). Let c be ((-219)/(-6))/((-6)/(-12)). Let v = p + c. What is the units digit of v?
2
Suppose 0 = -0*u - 2*u + 8, 5*g - 14459 = -u. What is the tens digit of g?
9
Suppose 0 = -3*h + 5 + 4. Suppose 5*b = 3*x - 4*x + 9, 5*b + 7 = h*x. What is the units digit of (b - 30)/(5 + -6)?
9
Let d(t) = -t + 3. Let b be d(9). Let m(o) = -2*o**3 - 11*o**2 - 14*o - 3. What is the tens digit of m(b)?
1
Suppose -54*x + 59*x = 2450. What is the units digit of x?
0
Let f(m) = -m**3 - 21*m**2 + 46*m + 8. Let r be f(-23). Suppose 0 = -0*d + r*d - 576. What is the units digit of d?
2
Suppose 2*z + z = 54. Let t(k) = 0*k**2 + z - k**2 + 11*k - 3. What is the tens digit of t(11)?
1
Suppose -9*d = -4*s - 12*d + 3526, -s + 891 = -4*d. What is the units digit of s?
3
Let n(p) = -4*p + 1 + 1 + 3*p - 1. Let f be n(10). What is the units digit of (f/6)/(3/(-98))?
9
Let r(i) = -i**3 - 6*i**2 - 6*i + 1. Let d be r(-5). Let o = 8 - d. What is the tens digit of 20 + 0 - (-2)/o?
2
Suppose 0 = 21*j - 10*j - 43241. What is the tens digit of j?
3
Suppose -2*z - 2*a = -7*a - 8, 3*a = 0. Suppose -5*b + 466 = -z*m, 6 + 2 = -2*m. What is the units digit of b?
0
Let c = -164 + 706. What is the units digit of c?
2
Let h = 29 + -38. What is the units digit of 3/2*(-6)/h?
1
Let o = -325 + 2129. What is the tens digit of o?
0
Suppose -43 = 5*o - n - 828, 3*o + 2*n = 484. Let u = o - 74. What is the units digit of u?
4
Suppose 12 = 6*v - 18. Suppose 151 = 5*z - v*d - 519, 2*d = 4*z - 532. What is the tens digit of z?
3
Let p(d) = -3*d. Let h be p(2). Let i be (-4)/h - (-4)/(-6). Suppose i = -5*c - 68 + 243. What is the tens digit of c?
3
Let a = 1557 - 685. What is the tens digit of a?
7
Suppose 0 = -5*y - 3*h + 278, -225 = -4*y + 13*h - 18*h. What is the tens digit of y?
5
Let d = -52 + 50. What is the units digit of (d/4)/((-11)/1958)?
9
What is the hundreds digit of 1/4 - -181*(